(-27)/l composite?
False
Let k = 959 + 768. Is k prime?
False
Let i(z) = 3*z + 13. Let o be i(-4). Is o/(2*(-1)/(-254)) prime?
True
Let i(d) = -541*d**3 - 2*d**2 - 11*d - 31. Is i(-3) a prime number?
True
Let b = 90 - 85. Suppose b*m = 11*m - 78. Is m prime?
True
Is 1*-7193*(44 + -45) composite?
False
Suppose -2*g + 904 = b, 5*g - 3*b = 979 + 1281. Let l = 37 + g. Is l prime?
False
Let j(s) = -s**2 - 14*s + 3. Let i = 11 - 24. Let z be j(i). Suppose -4*g - z = -q - 249, 0 = 3*g - 2*q - 171. Is g prime?
True
Let m(y) = -2*y + 2. Let j be m(0). Let n(s) = 3*s**2 - 4*s + 3. Let q be n(j). Is (241/(-4))/(q/(-84)) prime?
False
Suppose 5*p = 3*w + 2774 + 2541, 5*w + 25 = 0. Suppose 3*k = 5*k + p. Is (k/(-20))/((-1)/(-2)) a prime number?
True
Suppose -5*m = -m. Let r be ((-8)/(-2) - 3)*m. Suppose r*z + 232 = 4*z. Is z prime?
False
Let w(i) = 408*i + 71. Is w(7) a composite number?
False
Suppose 8*k = 11*k - 15. Let f(z) = 16*z**2 + 5*z - 12. Let x be f(k). Suppose x = 4*d + 57. Is d prime?
True
Suppose -3*q - 2*c + 153 + 436 = 0, -3*c - 579 = -3*q. Let b be 176/(-3) + (-8)/(-12). Let d = q - b. Is d a composite number?
True
Let p be 711/3 + 2 + -1. Let z = p + 27. Is z a composite number?
True
Suppose 0 = -d - 2*i + 905, 6*d + 3*i = 3*d + 2718. Let s = d - 428. Is s prime?
True
Suppose -155 = -8*h + 53. Let o = 75 - h. Is o composite?
True
Let w(d) = d + 9. Let a be w(-7). Let y(c) = -c**3 - c - 9. Let p be y(-7). Suppose 4*g = 6*g - 3*h - p, -a*g - 3*h + 311 = 0. Is g a composite number?
False
Let q = 1 + 23. Suppose -q = 8*c - 4*c. Is 7 + c - -1*52 prime?
True
Suppose -x + u = -2*u - 71, -4*u - 71 = -x. Is x a prime number?
True
Suppose 4*w = -9*w + 79547. Is w a prime number?
False
Let g(v) = 8*v**3 - 5*v**2 + 8*v - 4. Let a = 0 - -3. Is g(a) composite?
False
Let u = 23 - 275. Let w = 4663 - u. Is w a composite number?
True
Is ((-3)/(-3) - (-7050 + -3)) + -1 a composite number?
True
Suppose -20*w - 4*w = -21768. Is w composite?
False
Is (-1)/((12 - 5)/(-28637)) a composite number?
False
Let f = 832 - 424. Let d = f + 71. Is d a prime number?
True
Let t be (3/4 + 3)*4. Let n = t + -11. Suppose n*y - y - 258 = 0. Is y prime?
False
Is (((-282)/(-4))/1)/((-63)/(-2814)) a prime number?
False
Suppose 2*n - 15*g = -14*g + 5579, n - 2792 = g. Is n a prime number?
False
Let z be ((2 - 5) + 3)/2. Suppose z = -4*y + 332 + 76. Suppose 0 = -4*x + 38 + y. Is x a composite number?
True
Let t = -397 - -688. Is t a prime number?
False
Let r = -64627 - -127914. Is r composite?
True
Is (-2 - -9)/(2886/(-2887) - -1) a composite number?
True
Suppose -3*u + 2*v = -30, -2*u = -3*u - 4*v - 4. Suppose -u*w + 7*w + 633 = 0. Is w a composite number?
True
Let l(u) = 5*u**2 - 4*u - 7. Suppose -4*k + 26 - 6 = 0. Let v be l(k). Suppose 0 = 2*t - 2*r - 2*r - v, 2*t + 5*r - 116 = 0. Is t prime?
True
Let n(u) = -1830*u**3 + 1. Let g be n(-1). Let c = g - 1046. Is c composite?
True
Suppose 4*o - 13 = -y, 3*o + 9 = -0*y + 3*y. Suppose 0*f - o*f = 0. Suppose 0 = z - f - 1, z - 88 = -x. Is x a prime number?
False
Let v(g) = 39*g + 2. Let t(j) = j**3 - 2*j**2 - 5*j + 4. Let f be t(3). Let q be v(f). Let p = -45 - q. Is p a prime number?
True
Suppose 2*u - 4 = 2. Let l be (u - 2)*15/3. Suppose 2*r + 1671 = l*r. Is r composite?
False
Suppose 3*v - 13314 = -3*r, 4*r + 3*v - 17749 = -0*r. Is r prime?
False
Suppose 3*s - o - 6919 = 0, 5*s - 3*s - 5*o = 4630. Is s composite?
True
Let x = 26 + -23. Is (x + -2)*(31 - -2) a composite number?
True
Let g = 5972 - 3391. Is g a prime number?
False
Let p(b) = -2199*b - 31. Is p(-2) composite?
True
Suppose 27 = m - 5*y, 4*y + 12 = 3*m - 14. Suppose -m*k = -5*p + 8027, 4*k + 428 = -p + 2051. Let f = p - 348. Is f a composite number?
False
Let s(x) = 18884*x**2 + 6*x + 3. Is s(-1) a prime number?
False
Let t be (34/8)/(5 - 19/4). Is -12 + t - 82*-11 composite?
False
Let n be ((-4)/1 + 4)/3. Suppose 3*p = 5*p - 20. Suppose -5*m - 3*w + 1541 = -0*m, n = -5*w + p. Is m prime?
True
Suppose -23*a + 28*a - 20 = 0. Suppose a*c - 581 = 3*c. Is c a composite number?
True
Let v = -57 + 54. Is 956 - ((1 - 5) + 4 - v) prime?
True
Let w(k) = 11 - 20*k - k**2 - 17*k**2 + 28*k**2. Is w(6) a composite number?
False
Suppose -3*h + 3170 = -g, 3*g + 0*g = h - 1046. Suppose 4*i + c - h = 0, -209 = -i - 5*c + 46. Is i a prime number?
False
Let t = -17718 + 25771. Is t prime?
True
Let k(v) be the first derivative of 76*v**3/3 - v**2 + v - 27. Is k(-2) composite?
True
Let c(t) = -192*t**3 + 5*t - 5. Let p(r) = 193*r**3 - 4*r + 4. Let a(o) = 3*c(o) + 4*p(o). Is a(2) prime?
True
Suppose -77*p + 70*p = -1358. Is p composite?
True
Suppose g = -r, 5*r = 4*r + 5*g. Suppose -3*u - 282 + 789 = r. Is u a prime number?
False
Let d = 381 + -692. Let q = d - -438. Is q composite?
False
Let c = 49 - 46. Is (278/c)/(13/39) a prime number?
False
Let p be (-128)/1 - (-5 - -2). Let j = 16 - p. Is j composite?
True
Let v = 5911 - -3963. Is v a prime number?
False
Suppose -2*g = -0*g. Suppose g*k - 3*d - 63 = -k, -k + 35 = 4*d. Is k prime?
False
Let a(z) = -18*z**3 - z**2. Let i be a(-1). Suppose i*q = 12*q + 1330. Suppose -b + q = b. Is b prime?
False
Let s = -11 - -19. Let q(u) = -6*u + 4 + 2*u**3 + u + s*u - 3*u**3 - u**2. Is q(-3) a composite number?
False
Let x = -100755 + 172282. Is x a prime number?
True
Let g = 2880 + 323. Is g prime?
True
Suppose 0 = 3*v + 5*l + 13, -3*v + 3*l - 5 = -8*v. Is (966/4 + v)*14 a prime number?
False
Let i(h) = -2*h - 10. Let f(b) = -b - 1. Let g(x) = -3*f(x) + i(x). Let r be g(9). Suppose r*j = -3*j + 805. Is j composite?
True
Suppose -g + 4085 = -598. Suppose u + g = 4*u. Is u a prime number?
False
Suppose 0 = 4*f - 2*f - 6. Suppose -p + s = -35, 2*s + 103 = f*p - 0*p. Suppose -k + 363 = 2*r + p, -3*k = -5*r + 803. Is r prime?
True
Let d = 15 - 0. Is (16982/(-35))/((-6)/d) composite?
False
Let b(q) = -46*q + 5. Suppose 3*d - 80 = 79. Suppose a + 5*o - 1 = 0, 6*a = a + 4*o - d. Is b(a) a composite number?
False
Let g(u) = 2*u - 3. Let y be g(-6). Let q be (-69)/y + 2/5. Suppose -d = -3*c + 65 - 24, 0 = -q*c - d + 63. Is c a composite number?
False
Suppose 5*p - 25 - 40 = 0. Let z = 14 - p. Is ((-99)/(-3) + 2)*z composite?
True
Suppose -2*p = -5*p - 15, -5*k + 210 = 3*p. Suppose h = j + 12, h - k = -2*j + 6*j. Let g(s) = s**2 + s + 9. Is g(j) a prime number?
False
Let q(h) = -h**2 + 4*h + 18. Let a be q(6). Let c be 330/8*(30 - a). Let f = c + -511. Is f a prime number?
True
Let f(y) = -10*y + 5. Let q(x) = x. Let d(j) = f(j) + 4*q(j). Let c(n) = -n + 1. Let s(o) = -c(o) - d(o). Is s(3) a prime number?
False
Suppose 2*s + 4*f = 3*f + 58864, 88295 = 3*s + f. Is s a prime number?
False
Let a(c) = 2*c + 8. Let s be a(-1). Is (628/s)/(6/117) composite?
True
Let u = -6 + 13. Let s(l) = -121*l - 2. Let j(p) = p + 1. Let r(k) = -4*j(k) - s(k). Is r(u) prime?
False
Suppose 168 + 1176 = 4*n. Let h = n - 133. Suppose -5*v + 542 + h = 0. Is v composite?
False
Suppose 36*z - 816663 = 209301. Is z composite?
False
Suppose 0 = 5*v - 26 + 1. Let s be (1762/(-4) - 0)*-2. Suppose -2*r + 2*j = -468, -v*j = 4*r - 46 - s. Is r a prime number?
True
Let q = 9010 + -3327. Is q composite?
False
Let l = -70 - -65. Is (5802/5)/(l + 135/25) composite?
True
Let p = 1224 + -479. Suppose -18*z = -13*z - p. Is z composite?
False
Let a = -79 - 21. Is 3 + a*20/(-8) composite?
True
Let t(o) = 8*o**2 + 12*o - 45. Is t(5) prime?
False
Let w(f) be the second derivative of -6*f + 0 - 43/6*f**3 - 2*f**2. Is w(-11) a prime number?
False
Suppose -2*g = -w + 1324, -1835 + 5852 = 3*w + 3*g. Let m = w - 433. Is m composite?
True
Suppose 90811 = 8*r - 356061. Is r composite?
True
Suppose -3*g = 5*q - 0*g + 34, -32 = 3*q - 4*g. Let c(t) be the third derivative of -t**4/12 + 5*t**3/6 + 28*t**2. Is c(q) prime?
False
Suppose -y + g + 2206 = 0, -4*y + 3*g + 6473 = -2348. Is y a prime number?
True
Suppose -2*o + 12485 = -1583. Suppose 4401 + o = 5*a. Is a prime?
True
Let y = -6 + 10. Let j = -186 - -502. Suppose y*h = -0*h + j. Is h a prime number?
True
Let w(k) = -416*k - 1. Suppose 2*b - 3 = -5. Is w(b) a composite number?
True
Let u(k) = 4*k**2 + 5*k - 4. Let x be u(1). Suppose 715 - 64 = x*h + 4*z, 2*h + z = 261. Is h prime?
True
Let k be (1 + -1)/(4/(-8)*4). Let i(w) = -w**2 - 2*w + 10. Is i(k) co